tors of 1895072871.
3, 631690957
What are the prime factors of 48118231?
7, 23, 31, 311
List the prime factors of 670335970.
2, 5, 67033597
What are the prime factors of 2580126073?
7, 368589439
List the prime factors of 498690981.
3, 281, 293, 673
List the prime factors of 36537121.
36537121
What are the prime factors of 58965252?
2, 3, 197, 24943
What are the prime factors of 889901950?
2, 5, 7, 2542577
List the prime factors of 3943151860.
2, 5, 443, 467, 953
What are the prime factors of 51306869?
43, 1193183
List the prime factors of 886133.
41, 21613
List the prime factors of 860848152.
2, 3, 35868673
List the prime factors of 4933624661.
7, 151, 4667573
What are the prime factors of 378800756?
2, 167, 567067
List the prime factors of 86392308.
2, 3, 7199359
List the prime factors of 186786621.
3, 7, 293, 3373
List the prime factors of 19566857.
19566857
List the prime factors of 359951400.
2, 3, 5, 311, 643
What are the prime factors of 11355352?
2, 461, 3079
What are the prime factors of 31098622?
2, 23, 676057
What are the prime factors of 76191550?
2, 5, 79, 19289
What are the prime factors of 918092281?
821, 1118261
What are the prime factors of 7019434135?
5, 7, 5003, 40087
List the prime factors of 5078554612.
2, 19, 151, 442537
List the prime factors of 32367025.
5, 457, 2833
List the prime factors of 1104009673.
13, 241, 352381
What are the prime factors of 532081448?
2, 23, 503, 5749
List the prime factors of 106760950.
2, 5, 2135219
List the prime factors of 3981414.
2, 3, 663569
List the prime factors of 2529566436.
2, 3, 210797203
What are the prime factors of 300641408?
2, 19, 123619
List the prime factors of 353287748.
2, 11, 19, 109, 3877
List the prime factors of 98414909.
137, 718357
List the prime factors of 120706338.
2, 3, 20117723
What are the prime factors of 158353844?
2, 11, 17, 269, 787
List the prime factors of 32756331.
3, 17, 642281
What are the prime factors of 35407157?
35407157
What are the prime factors of 2190736739?
17, 4637, 27791
List the prime factors of 73052455.
5, 7, 2087213
List the prime factors of 623615473.
13, 19, 113, 22343
List the prime factors of 108579802.
2, 54289901
What are the prime factors of 6478165543?
6478165543
List the prime factors of 114036526.
2, 29, 823, 2389
List the prime factors of 173507855.
5, 1319, 26309
List the prime factors of 118293274.
2, 11, 61, 181, 487
What are the prime factors of 2733344554?
2, 443, 3085039
List the prime factors of 1751181138.
2, 3, 7, 109, 127507
What are the prime factors of 2889463298?
2, 1444731649
What are the prime factors of 3215977151?
10457, 307543
What are the prime factors of 1993641903?
3, 11, 149, 15017
What are the prime factors of 25588085?
5, 607, 8431
What are the prime factors of 5216061?
3, 41, 42407
List the prime factors of 1097409331.
31, 113, 523, 599
List the prime factors of 792199067.
11, 72018097
What are the prime factors of 1334530874?
2, 29, 37, 621869
List the prime factors of 675192712.
2, 84399089
List the prime factors of 1560366876.
2, 3, 107, 1215239
What are the prime factors of 68814970?
2, 5, 7, 29, 109, 311
List the prime factors of 24858356.
2, 431, 14419
List the prime factors of 108338088.
2, 3, 4514087
List the prime factors of 2046738746.
2, 13, 78720721
List the prime factors of 52692452.
2, 17, 47, 16487
What are the prime factors of 41959857?
3, 13986619
What are the prime factors of 19617603?
3, 6539201
List the prime factors of 2296113943.
23, 71, 1406071
List the prime factors of 1142110320.
2, 3, 5, 13, 17, 61, 353
List the prime factors of 67072336.
2, 4192021
What are the prime factors of 210586171?
4153, 50707
List the prime factors of 3046063668.
2, 3, 253838639
List the prime factors of 430552810.
2, 5, 613, 70237
List the prime factors of 79372398.
2, 3, 7, 1889819
List the prime factors of 470459131.
31, 15176101
List the prime factors of 214524786.
2, 3, 7, 199, 25667
List the prime factors of 50854174.
2, 7, 17, 12569
List the prime factors of 22848278.
2, 353, 32363
List the prime factors of 347654513.
431, 683, 1181
What are the prime factors of 96754071?
3, 32251357
List the prime factors of 2947959884.
2, 971, 759001
List the prime factors of 227534355.
3, 5, 97, 52127
List the prime factors of 411273485.
5, 7, 11750671
List the prime factors of 7424121.
3, 17, 8563
List the prime factors of 5751655783.
5751655783
List the prime factors of 456019525.
5, 13, 1403137
List the prime factors of 798943803.
3, 7, 38044943
List the prime factors of 53335855.
5, 10667171
What are the prime factors of 1026237990?
2, 3, 5, 349, 98017
What are the prime factors of 667469755?
5, 311, 429241
What are the prime factors of 607705859?
607705859
What are the prime factors of 1068286192?
2, 66767887
List the prime factors of 85935440.
2, 5, 307, 3499
List the prime factors of 194194393.
3733, 52021
What are the prime factors of 23424676?
2, 11, 532379
List the prime factors of 2039362475.
5, 211, 386609
What are the prime factors of 4867427823?
3, 8273, 196117
List the prime factors of 237497097.
3, 79165699
What are the prime factors of 43561839?
3, 23, 37, 113, 151
What are the prime factors of 43582747?
13, 17, 197207
What are the prime factors of 214501917?
3, 7, 461, 22157
List the prime factors of 91214639.
17, 47, 114161
What are the prime factors of 122354701?
7, 41, 263, 1621
What are the prime factors of 14641760?
2, 5, 7, 17, 769
What are the prime factors of 20839146?
2, 3, 3473191
List the prime factors of 19041939.
3, 7, 37, 389
List the prime factors of 4068166876.
2, 43, 769, 30757
List the prime factors of 23999221.
1579, 15199
What are the prime factors of 1517301470?
2, 5, 47, 1709, 1889
What are the prime factors of 383780200?
2, 5, 29, 66169
List the prime factors of 351660768.
2, 3, 47, 59, 1321
List the prime factors of 1078458496.
2, 29, 290533
What are the prime factors of 19126172?
2, 13, 41, 8971
What are the prime factors of 5699188273?
17, 31, 10814399
What are the prime factors of 477452380?
2, 5, 41, 103, 5653
List the prime factors of 14323753.
71, 201743
List the prime factors of 1984371255.
3, 5, 29, 47, 32353
List the prime factors of 49991751.
3, 41, 135479
List the prime factors of 959598866.
2, 11717, 40949
List the prime factors of 48256891.
101, 477791
List the prime factors of 152951406.
2, 3, 19, 479, 2801
What are the prime factors of 101815452?
2, 3, 19, 148853
List the prime factors of 46194024.
2, 3, 1924751
What are the prime factors of 1694432959?
17, 99672527
List the prime factors of 846239123.
971, 871513
What are the prime factors of 5722588217?
5722588217
List the prime factors of 588437647.
7, 84062521
What are the prime factors of 200296482?
2, 3, 17, 1963691
What are the prime factors of 996891393?
3, 332297131
What are the prime factors of 1482260506?
2, 9277, 79889
List the prime factors of 13721030.
2, 5, 1372103
What are the prime factors of 22401241?
23, 359, 2713
What are the prime factors of 3203984941?
3203984941
What are the prime factors of 1951559287?
41, 47599007
What are the prime factors of 1078332062?
2, 41, 13150391
What are the prime factors of 3471395563?
17, 911, 224149
List the prime factors of 2934134900.
2, 5, 59, 8429
What are the prime factors of 1595807896?
2, 23, 8672869
What are the prime factors of 1619464322?
2, 7, 37, 3126379
What are the prime factors of 258028087?
157, 1643491
List the prime factors of 3850565103.
3, 7, 11, 29, 191599
List the prime factors of 464201930.
2, 5, 883, 52571
List the prime factors of 110248210.
2, 5, 11024821
List the prime factors of 1128572596.
2, 282143149
List the prime factors of 1619586496.
2, 11, 37, 97, 641
List the prime factors of 2648612432.
2, 47, 127, 27733
List the prime factors of 17718392.
2, 157, 14107
List the prime factors of 486009712.
2, 3389, 8963
List the prime factors of 571948601.
7, 83, 984421
List the prime factors of 418760223.
3, 7, 2848709
What are the prime factors of 1256053?
23, 97, 563
What are the prime factors of 765491690?
2, 5, 76549169
List the prime factors of 678030225.
3, 5, 23, 47, 8363
List the prime factors of 152651913.
3, 173, 294127
What are the prime factors of 532880120?
2, 5, 13322003
List the prime factors of 193915911.
3,